 5*m, 2*m - 87787 - 106751 = 2*h. Is m a composite number?
True
Suppose 124*t = 123*t - 154. Let b = 789 + t. Is b composite?
True
Let c = 429791 - 87544. Is c a composite number?
True
Let z = -774261 - -1092578. Is z prime?
False
Is (-2)/48 + 16/((-4992)/(-101323573)) a composite number?
True
Let g(n) = 3112*n**2 + 24*n - 45. Is g(-13) prime?
True
Is 6 + -1 + -2 - (-11)/((-44)/(-114736)) composite?
False
Suppose 2032878 + 1959501 + 1037731 = 10*b. Is b a composite number?
True
Let r(u) be the third derivative of u**6/30 + u**5/20 + u**4/6 + 5*u**3/6 + 6*u**2. Let d be r(-2). Let v = 66 - d. Is v prime?
True
Let s = 323794 + -77025. Is s prime?
True
Let c = 74 + 31. Let l(n) = 3*n**2 + 42*n + 114. Let a be l(-7). Is -3 - c/a - 115580/(-44) composite?
True
Suppose -229*l + 218*l = -500489. Is l prime?
False
Let o(p) = 10*p - 7. Let v be o(7). Let u(c) = 2*c**2 + 185*c - 2. Let s be u(0). Is (s*(-8746)/(-8))/(v/(-126)) a composite number?
False
Let p(f) be the second derivative of 0 + 2455/2*f**2 + 12*f - 1/2*f**3. Is p(0) composite?
True
Suppose 0 = -3*r + 4 + 5. Suppose -5*n + 4*n - 7 = v, r*v + 2*n = -17. Is 3 - 2 - (-3 + -412 + v) prime?
True
Let p = -20985 - -43092. Is p a composite number?
True
Suppose -4*a + 4*i = -91456, 0 = 5*a + 7*i - 3*i - 114329. Let q be a/(-5)*(3 - (-4)/(-2)). Let j = -1794 - q. Is j prime?
False
Suppose 8*d - 1599 = -11671. Is d*(-5 + 9 + -7) a composite number?
True
Let d(y) = -56222*y - 12811. Is d(-16) a composite number?
False
Let q = -136957 + 798982. Suppose 72332 = 13*v - q. Is v a composite number?
False
Suppose 0 = 26*n - 86045 + 661893. Let l = -10963 - n. Is l composite?
True
Is 58699/4*2*-25*12/(-30) a composite number?
True
Suppose -1168413 + 175347 - 1995289 = -5*x. Is x a prime number?
True
Let m(b) = b**3 + 17*b**2 + 29*b - 19. Let f(s) = s**3 + 9*s**2 + 11*s + 9. Let c be f(-8). Let y be m(c). Is y*1 - 238/(1 - 3) a prime number?
False
Let g(y) = y**3 + 7*y**2 + 8*y + 15. Let n be g(-6). Suppose -4*x - 5*b + 35196 = 0, -6*x + n*b + 43958 = -x. Is x composite?
True
Let f(q) = 2*q**2 - 13*q - 20. Let i be f(8). Is ((-7915)/15 - i/3)*-1 composite?
True
Is 2419 + (9/(-27)*0)/2 a prime number?
False
Suppose 3*k - 131*t - 319397 = -136*t, -5*k = 3*t - 532307. Is k a prime number?
False
Let p be 62 - (6/8 - 91/(-28)). Let u = 69 + p. Is u a composite number?
False
Let i = -19869 + 32642. Is i composite?
True
Suppose 0 = 3*o - 5*h - 2198, o - 2214 = -2*o - 3*h. Let i = o + -581. Is i a prime number?
False
Let z = 234052 + -130215. Is z a prime number?
True
Let v(z) = -728*z**3 - 11*z**2 - 16*z - 9. Let p(u) = 182*u**3 + 3*u**2 + 4*u + 2. Let i(r) = -9*p(r) - 2*v(r). Is i(-3) a prime number?
False
Let q(u) = -5488*u**2 + u - 1. Let b be q(1). Let d be (b/10 - 3) + (-5)/25. Let t = d + 3679. Is t a composite number?
True
Let g be 27857 - ((-45)/(-9) - -4). Suppose -g - 2495 = -i. Is i a prime number?
False
Is (-11 - 0 - (-9081695)/(-21))*(-6)/4 composite?
False
Suppose -x + 3*x - 3*c - 3768 = 0, -x + 2*c + 1884 = 0. Suppose 4*q = 5*m - 9417, 3*q + x = m + 2*q. Suppose -w + m = -220. Is w prime?
False
Let m = 57 + -290. Let u = 474 - m. Let f = -366 + u. Is f composite?
True
Let s be 3/(-1)*(-56)/(-84) + 1691. Suppose 4*h - 5*h = 4, z + 5*h - s = 0. Is z a composite number?
False
Let q = -3516 - -2105. Let y = q - -2705. Is y composite?
True
Suppose 19*s = 7297231 - 354635 - 966279. Is s composite?
False
Suppose -3*q = -n + 22, 0 = -3*n + 4*q + 33 + 18. Suppose -12*v - 2 = -n*v. Suppose v*k - 1468 = 1378. Is k a prime number?
True
Let c be (-48262)/(-2) + (-9 - -1). Let s = 67066 - c. Is s prime?
True
Suppose l - 22970 = -2121. Is l a prime number?
True
Suppose 4*h = -h. Suppose -28*y + 44 = -6*y. Suppose h = -y*l + 2*b + 2794, l - 5583 = -3*l + 5*b. Is l composite?
True
Let f(z) be the first derivative of -22*z**5/15 - z**4/4 - 7*z**3 + 25. Let o(h) be the third derivative of f(h). Is o(-2) a prime number?
False
Suppose -13*m + 20 = -8*m. Suppose -2*n + m = 2*l - 6, 3*l = 9. Is (5/30)/(n/(-8))*-57 prime?
False
Suppose 586*q + 1592286 = -581*q + 1169*q. Is q composite?
True
Is ((21/14)/((-1)/223994))/(1 + -4) a composite number?
False
Suppose -90*l + 80*l + 115490 = 0. Is l prime?
True
Let y(g) = 89*g**2 - 35*g - 67. Let w = -518 - -535. Is y(w) a composite number?
True
Suppose -y - 526536 = -41*y + 779344. Is y a prime number?
True
Suppose -5*v = -2*k - 3*v + 2, -v + 3 = 3*k. Let r be (-26)/((-2 + 0)/k). Suppose -3*u = -r*u + 7430. Is u composite?
False
Let d(p) = -9*p**2 - 9*p - 20. Let m be d(-9). Let c be m/(-8)*6 - -2. Let o = 1470 - c. Is o a composite number?
False
Let h = 1647 - 953. Suppose 0 = m - 3615 + h. Is m a prime number?
False
Let s(a) = -96 + 5 + 646*a + 320*a. Is s(19) a composite number?
True
Suppose -t - u = -0*t + 132, t - u = -122. Let s = 1161 - 1241. Let j = s - t. Is j a composite number?
False
Suppose -2*g = 4*y - 92364, 4*g + g - 230942 = -2*y. Suppose -8*s + 10*s - 4*v = g, 5*s - 4*v = 115487. Is s a composite number?
False
Suppose 138558 = 3*l + 4*l. Suppose -23*h = -29*h + l. Is h a composite number?
False
Let r(x) = 2026 - 20*x - x**2 + 1162 + 1026 + 2855. Is r(0) composite?
False
Suppose 3*l - 558 = 3*n, 2*n = 4 + 6. Suppose -y = 2*q - 221, -y + 0*y + 4*q + l = 0. Is y a prime number?
True
Suppose -10 = 2*w - 7*w - 5*f, w - f - 4 = 0. Suppose 2*v + 3*a - 3503 = 0, v + 0*a - 1756 = w*a. Is v a prime number?
True
Let y(v) = -v**3 - 76*v**2 - 8*v + 1833. Is y(-92) composite?
False
Is -2*(1267797/(-6) + (-6 + -1 - -10)) a prime number?
False
Is (-87 + 11 + 9)*-479 a prime number?
False
Suppose 2*z - 235 = -3*z. Suppose -3*x - z = -53. Suppose -10473 = -3*q - 4*b, x*b = -3*b. Is q composite?
False
Let c(u) = -53*u - 4. Let a be c(-1). Let d = 25 - a. Is (6/d)/(2/(-6008)) a composite number?
False
Suppose -7*z + 0*z = -35. Suppose -z*o + 3*o + 892 = 0. Is ((-1)/2)/((-1)/o) a prime number?
True
Suppose -138*l = -129*l - 18812 - 87955. Is l a prime number?
True
Suppose -1648*f + 1596*f + 28156388 = 0. Is f a prime number?
True
Suppose -1161*v - 983707 = -1220*v. Is v a composite number?
False
Let p be (6 + 18)*(-12)/(-16). Suppose p = 5*c - 42. Suppose -c*m + 3 = -15*m, -2*a = -3*m - 3007. Is a prime?
False
Let x(a) = -a**3 + 3616*a**2 - 45*a - 44 - 3629*a**2 + 3*a**3 - 3*a**3. Is x(-13) composite?
False
Suppose 0 = 2*w - 5*q - 7, 5*q + 42 + 10 = -3*w. Let b(m) = 118*m**2 + 35*m + 58. Is b(w) a prime number?
False
Let s(k) = k**2 + 5*k + 6. Let y be s(-6). Let b(a) be the second derivative of a**5/20 - 5*a**4/6 - a**3/3 - 13*a**2/2 + 3*a - 285. Is b(y) a composite number?
False
Let r(n) = -60*n**3 - 2*n**2 + 7*n - 7. Suppose 0 = -5*o + 2*s - 28, 4*s - 2 = o. Is r(o) prime?
False
Let y(v) = 3*v**2 + 22*v + 17. Suppose 0 = 15*o - 14*o + 18. Let k be (-4)/(-18)*-1 - (-266)/o. Is y(k) prime?
False
Suppose -400*i + 6461510 = -801*i + 411*i. Is i prime?
False
Let f(j) = -32*j**3 - 6*j**2 - 20*j - 51. Is f(-7) composite?
False
Is -14 - (-432)/32 - -13*(-9837)/(-6) a prime number?
True
Let c be 4/(4 - 0) + (-878)/(-2). Is 16/c*5 + (-4937)/(-11) composite?
False
Let u = 68027 - 29766. Is u prime?
True
Let y(t) = -571377*t - 1084. Is y(-1) prime?
False
Suppose 17*j = 4*j + 39. Let u(q) = 1628*q - 13. Is u(j) prime?
True
Let n(t) = 56*t**2 + 49*t - 11. Let b(v) = -111*v**2 - 97*v + 22. Let w(l) = -4*b(l) - 9*n(l). Let f(x) be the first derivative of w(x). Is f(-8) prime?
True
Suppose -3*a = -z - 66334, -3*z = a - 2*z - 22102. Is a a composite number?
False
Is ((-63)/(2331/74))/((-2)/12979) composite?
False
Let n(a) = -15*a**3 - 6*a**2 - 2*a - 3. Let h = 117 - 121. Is n(h) a composite number?
True
Let s(g) = -12*g**3 + 11. Suppose -4 + 10 = -2*l. Is s(l) prime?
False
Let f = -42847 + 78954. Is f a composite number?
False
Let r(a) = a**2 - 14*a + 46. Let g be r(6). Is 2633 + 0*g/(-8) a composite number?
False
Let g(a) = -873*a**3 + 2*a**2 - 2*a - 1. Is g(-4) a composite number?
True
Let i(z) = z**2 + 10*z + 13. Let b be i(-19). Suppose g + 954 = 3*g. Let t = g - b. Is t composite?
False
Let d be (4/(-6))/(1/(-141)*-2). Let p = 78 + d. Let n = 22 + p. Is n composite?
False
Let y(u) = -48*u**2 - 4*u. Let o be y(-1). Is 28357 + 35/6 + o/(-264) a prime number?
False
Let g be 2/(-10) + (2 - (-293